{"id":15,"date":"2025-10-12T14:43:06","date_gmt":"2025-10-12T14:43:06","guid":{"rendered":"https:\/\/www.oktawa8.pl\/index.php\/homepage\/"},"modified":"2025-10-12T17:30:05","modified_gmt":"2025-10-12T17:30:05","slug":"homepage","status":"publish","type":"page","link":"https:\/\/www.oktawa8.pl\/","title":{"rendered":"Oktawa"},"content":{"rendered":"\t\t<div data-elementor-type=\"wp-page\" data-elementor-id=\"15\" class=\"elementor elementor-15\">\n\t\t\t\t<div data-marvy_enable_drop_animation=\"false\" data-marvy_enable_fancy_rotate=\"false\" data-marvy_enable_flying_object=\"false\" data-marvy_enable_ripples_animation=\"false\" data-marvy_enable_waves_animation=\"false\" data-marvy_enable_rings_animation=\"false\" data-marvy_enable_topology_animation=\"false\" data-marvy_enable_gradient_animation=\"false\" data-marvy_enable_snow_animation=\"false\" data-marvy_enable_firework_animation=\"false\" data-marvy_enable_cloud_animation=\"false\" class=\"elementor-element elementor-element-83bdf96 e-flex e-con-boxed e-con e-parent\" data-id=\"83bdf96\" data-element_type=\"container\" data-settings=\"{&quot;background_background&quot;:&quot;classic&quot;}\">\n\t\t\t\t\t<div class=\"e-con-inner\">\n\t\t\t\t<div class=\"elementor-element elementor-element-37b196c elementor-widget-divider--view-line elementor-widget elementor-widget-divider\" data-id=\"37b196c\" data-element_type=\"widget\" data-widget_type=\"divider.default\">\n\t\t\t\t\t\t\t<div class=\"elementor-divider\">\n\t\t\t<span class=\"elementor-divider-separator\">\n\t\t\t\t\t\t<\/span>\n\t\t<\/div>\n\t\t\t\t\t\t<\/div>\n\t\t\t\t<div class=\"elementor-element elementor-element-a76f99e elementor-widget elementor-widget-image\" data-id=\"a76f99e\" data-element_type=\"widget\" data-widget_type=\"image.default\">\n\t\t\t\t\t\t\t\t\t\t\t\t\t\t\t<img decoding=\"async\" src=\"https:\/\/www.oktawa8.pl\/wp-content\/uploads\/2025\/10\/Projekt-bez-nazwy.png\" title=\"Logo png trans\" alt=\"Logo png trans\" loading=\"lazy\" \/>\t\t\t\t\t\t\t\t\t\t\t\t\t\t\t<\/div>\n\t\t<div data-marvy_enable_drop_animation=\"false\" data-marvy_enable_fancy_rotate=\"false\" data-marvy_enable_flying_object=\"false\" data-marvy_enable_ripples_animation=\"false\" data-marvy_enable_waves_animation=\"false\" data-marvy_enable_rings_animation=\"false\" data-marvy_enable_topology_animation=\"false\" data-marvy_enable_gradient_animation=\"false\" data-marvy_enable_snow_animation=\"false\" data-marvy_enable_firework_animation=\"false\" data-marvy_enable_cloud_animation=\"false\" class=\"elementor-element elementor-element-078c154 e-con-full e-flex e-con e-child\" data-id=\"078c154\" data-element_type=\"container\">\n\t\t\t\t<div class=\"elementor-element elementor-element-5988ab8 elementor-widget__width-initial elementor-widget elementor-widget-text-editor\" data-id=\"5988ab8\" data-element_type=\"widget\" data-widget_type=\"text-editor.default\">\n\t\t\t\t\t\t\t\t\t<p>Osiem nut, kt\u00f3re zmieniaj\u0105 spos\u00f3b,<br \/>w jaki m\u00f3wisz<\/p>\t\t\t\t\t\t\t\t<\/div>\n\t\t\t\t<div class=\"elementor-element elementor-element-e74ed33 elementor-widget__width-initial elementor-widget elementor-widget-button\" data-id=\"e74ed33\" data-element_type=\"widget\" data-widget_type=\"button.default\">\n\t\t\t\t\t\t\t\t\t\t<a class=\"elementor-button elementor-button-link elementor-size-sm\" href=\"#about\">\n\t\t\t\t\t\t<span class=\"elementor-button-content-wrapper\">\n\t\t\t\t\t\t\t\t\t<span class=\"elementor-button-text\">Odkryj wi\u0119cej<\/span>\n\t\t\t\t\t<\/span>\n\t\t\t\t\t<\/a>\n\t\t\t\t\t\t\t\t<\/div>\n\t\t\t\t<\/div>\n\t\t\t\t<div class=\"elementor-element elementor-element-505cdb3 elementor-absolute elementor-widget-mobile__width-initial elementor-widget elementor-widget-html\" data-id=\"505cdb3\" data-element_type=\"widget\" data-settings=\"{&quot;_position&quot;:&quot;absolute&quot;}\" data-widget_type=\"html.default\">\n\t\t\t\t\t<canvas id='canvWaves'style=\"margin-top: 20%\"><\/canvas>\n<script>\n    var c = document.getElementById('canvWaves');\nvar $ = c.getContext('2d');\n\nvar w = c.width = window.innerWidth;\nvar h = c.height = window.innerHeight;\n\nvar intLines = 100;\nvar draw = function(a, b, t) {\n  $.lineWidth = 0.2;\n  \/\/background color\n  $.fillStyle = '#FAF6F0';\n  $.fillRect(0, 0, w, h);\n  \/\/i sets the number of lines\n  for (var i = 0; i < intLines; i++) {\n    $.strokeStyle = '#FF7F32';\n    $.beginPath();\n    $.moveTo(-0, h \/ 2);\n    for (var j = 0; j < w; j += 10) {\n      $.lineTo(60 * Math.sin(i \/ 10) +\n        j + 0.008 * j * j,\n        Math.floor(h \/ 2 + j \/ 2 *\n          Math.sin(j \/ 50 - t \/ 50 - i \/ 118) +\n          (i * 0.9) * Math.sin(j \/ 25 - (i + t) \/ 65)));\n    };\n    $.stroke();\n  }\n}\n\nvar t = 0;\nvar run = function() {\n  t += 0.5; \n  draw(33, 52 * Math.sin(t \/ 2400), t);\n};\n\nwindow.setInterval(run, 50); \/\/interval instead of using callback in run() function\n<\/script>\t\t\t\t<\/div>\n\t\t\t\t\t<\/div>\n\t\t\t\t<\/div>\n\t\t<div data-marvy_enable_drop_animation=\"false\" data-marvy_enable_fancy_rotate=\"false\" data-marvy_enable_flying_object=\"false\" data-marvy_enable_ripples_animation=\"false\" data-marvy_enable_waves_animation=\"false\" data-marvy_enable_rings_animation=\"false\" data-marvy_enable_topology_animation=\"false\" data-marvy_enable_gradient_animation=\"false\" data-marvy_enable_snow_animation=\"false\" data-marvy_enable_firework_animation=\"false\" data-marvy_enable_cloud_animation=\"false\" class=\"elementor-element elementor-element-4b34764 e-flex e-con-boxed e-con e-parent\" data-id=\"4b34764\" data-element_type=\"container\" id=\"about\" data-settings=\"{&quot;background_background&quot;:&quot;classic&quot;}\">\n\t\t\t\t\t<div class=\"e-con-inner\">\n\t\t<div data-marvy_enable_drop_animation=\"false\" data-marvy_enable_fancy_rotate=\"false\" data-marvy_enable_flying_object=\"false\" data-marvy_enable_ripples_animation=\"false\" data-marvy_enable_waves_animation=\"false\" data-marvy_enable_rings_animation=\"false\" data-marvy_enable_topology_animation=\"false\" data-marvy_enable_gradient_animation=\"false\" data-marvy_enable_snow_animation=\"false\" data-marvy_enable_firework_animation=\"false\" data-marvy_enable_cloud_animation=\"false\" class=\"elementor-element elementor-element-eaa3e35 e-con-full e-flex e-con e-child\" data-id=\"eaa3e35\" data-element_type=\"container\">\n\t\t\t\t<div class=\"elementor-element elementor-element-31c6901 elementor-widget elementor-widget-heading\" data-id=\"31c6901\" data-element_type=\"widget\" data-widget_type=\"heading.default\">\n\t\t\t\t\t<h2 class=\"elementor-heading-title elementor-size-default\">Czym jest Oktawa?<\/h2>\t\t\t\t<\/div>\n\t\t\t\t<div class=\"elementor-element elementor-element-ed8e0a5 elementor-widget elementor-widget-text-editor\" data-id=\"ed8e0a5\" data-element_type=\"widget\" data-widget_type=\"text-editor.default\">\n\t\t\t\t\t\t\t\t\t<p><strong data-start=\"267\" data-end=\"277\">Oktawa<\/strong> to przestrze\u0144, w kt\u00f3rej uczymy m\u00f3wi\u0107 z pewno\u015bci\u0105, klas\u0105 i spokojem.<br data-start=\"345\" data-end=\"348\" \/>Wierzymy, \u017ce komunikacja \u2013 tak jak muzyka \u2013 ma sw\u00f3j rytm, ton i emocje.<br data-start=\"419\" data-end=\"422\" \/>Pomagamy odnale\u017a\u0107 harmoni\u0119 mi\u0119dzy s\u0142owem a intencj\u0105, by Tw\u00f3j g\u0142os naprawd\u0119 brzmia\u0142.<\/p>\t\t\t\t\t\t\t\t<\/div>\n\t\t\t\t<\/div>\n\t\t<div data-marvy_enable_drop_animation=\"false\" data-marvy_enable_fancy_rotate=\"false\" data-marvy_enable_flying_object=\"false\" data-marvy_enable_ripples_animation=\"false\" data-marvy_enable_waves_animation=\"false\" data-marvy_enable_rings_animation=\"false\" data-marvy_enable_topology_animation=\"false\" data-marvy_enable_gradient_animation=\"false\" data-marvy_enable_snow_animation=\"false\" data-marvy_enable_firework_animation=\"false\" data-marvy_enable_cloud_animation=\"false\" class=\"elementor-element elementor-element-e42fb79 e-con-full e-flex e-con e-child\" data-id=\"e42fb79\" data-element_type=\"container\">\n\t\t\t\t<div class=\"elementor-element elementor-element-4323c24 elementor-widget elementor-widget-image\" data-id=\"4323c24\" data-element_type=\"widget\" data-widget_type=\"image.default\">\n\t\t\t\t\t\t\t\t\t\t\t\t\t\t\t<img fetchpriority=\"high\" decoding=\"async\" width=\"800\" height=\"800\" src=\"https:\/\/www.oktawa8.pl\/wp-content\/uploads\/2025\/10\/Projekt-bez-nazwy-2-1024x1024.png\" class=\"attachment-large size-large wp-image-121\" alt=\"\" srcset=\"https:\/\/www.oktawa8.pl\/wp-content\/uploads\/2025\/10\/Projekt-bez-nazwy-2-1024x1024.png 1024w, https:\/\/www.oktawa8.pl\/wp-content\/uploads\/2025\/10\/Projekt-bez-nazwy-2-300x300.png 300w, https:\/\/www.oktawa8.pl\/wp-content\/uploads\/2025\/10\/Projekt-bez-nazwy-2-150x150.png 150w, https:\/\/www.oktawa8.pl\/wp-content\/uploads\/2025\/10\/Projekt-bez-nazwy-2-768x768.png 768w, https:\/\/www.oktawa8.pl\/wp-content\/uploads\/2025\/10\/Projekt-bez-nazwy-2.png 1080w\" sizes=\"(max-width: 800px) 100vw, 800px\" \/>\t\t\t\t\t\t\t\t\t\t\t\t\t\t\t<\/div>\n\t\t\t\t<\/div>\n\t\t\t\t\t<\/div>\n\t\t\t\t<\/div>\n\t\t\t\t<\/div>\n\t\t","protected":false},"excerpt":{"rendered":"<p>Osiem nut, kt\u00f3re zmieniaj\u0105 spos\u00f3b,w jaki m\u00f3wisz Odkryj wi\u0119cej Czym jest Oktawa? Oktawa to przestrze\u0144, w kt\u00f3rej uczymy m\u00f3wi\u0107 z pewno\u015bci\u0105, klas\u0105 i spokojem.Wierzymy, \u017ce komunikacja \u2013 tak jak muzyka \u2013 ma sw\u00f3j rytm, ton i emocje.Pomagamy odnale\u017a\u0107 harmoni\u0119 mi\u0119dzy s\u0142owem a intencj\u0105, by Tw\u00f3j g\u0142os naprawd\u0119 brzmia\u0142.<\/p>\n","protected":false},"author":1,"featured_media":0,"parent":0,"menu_order":0,"comment_status":"closed","ping_status":"closed","template":"","meta":{"footnotes":""},"class_list":["post-15","page","type-page","status-publish","hentry"],"_links":{"self":[{"href":"https:\/\/www.oktawa8.pl\/index.php\/wp-json\/wp\/v2\/pages\/15","targetHints":{"allow":["GET"]}}],"collection":[{"href":"https:\/\/www.oktawa8.pl\/index.php\/wp-json\/wp\/v2\/pages"}],"about":[{"href":"https:\/\/www.oktawa8.pl\/index.php\/wp-json\/wp\/v2\/types\/page"}],"author":[{"embeddable":true,"href":"https:\/\/www.oktawa8.pl\/index.php\/wp-json\/wp\/v2\/users\/1"}],"replies":[{"embeddable":true,"href":"https:\/\/www.oktawa8.pl\/index.php\/wp-json\/wp\/v2\/comments?post=15"}],"version-history":[{"count":114,"href":"https:\/\/www.oktawa8.pl\/index.php\/wp-json\/wp\/v2\/pages\/15\/revisions"}],"predecessor-version":[{"id":157,"href":"https:\/\/www.oktawa8.pl\/index.php\/wp-json\/wp\/v2\/pages\/15\/revisions\/157"}],"wp:attachment":[{"href":"https:\/\/www.oktawa8.pl\/index.php\/wp-json\/wp\/v2\/media?parent=15"}],"curies":[{"name":"wp","href":"https:\/\/api.w.org\/{rel}","templated":true}]}}